{"id":423,"date":"2017-11-14T21:25:17","date_gmt":"2017-11-14T19:25:17","guid":{"rendered":"http:\/\/juwelierberinger.de\/?page_id=423"},"modified":"2020-09-11T12:25:08","modified_gmt":"2020-09-11T10:25:08","slug":"ihr-bild-in-gold","status":"publish","type":"page","link":"https:\/\/juwelierberinger.de\/?page_id=423","title":{"rendered":"Ihr Bild in Gold"},"content":{"rendered":"<h1 class=\"entry-title\">Ihr Foto in Gold<\/h1>\n<div class=\"entry-content\">\n<h1>Ein besonderes Geschenk f\u00fcr jeden Anlass<\/h1>\n<div id=\"xr_xrii\" class=\"xr_ap\">\n<div id=\"xr_xr\" class=\"xr_noc\">\n<div id=\"xr_td\" class=\"xr_td\">\n<div id=\"xr_mvp_1\" class=\"xr_mvp_1 xr_bgn_0_-768_8673\">\n<div class=\"xr_ap xr_xri_\">\n<div class=\"xr_s0\"><span class=\"xr_tl xr_s0\">Mit einer Fotogravur sowie einer pers\u00f6nlichen Widmung <\/span> <span class=\"xr_tl xr_s0\">auf der R\u00fcckseite, werden diese Schmuckst\u00fccke zu einem <\/span> <span class=\"xr_tl xr_s0\">besonderen Geschenk. <\/span> <span class=\"xr_tl xr_s0\">Sie erhalten diese Anh\u00e4nger in Edelstahl poliert wei\u00df oder <\/span> <span class=\"xr_tl xr_s0\">auch in Gold 585\/- .<\/span><\/div>\n<h2 class=\"xr_s0\"><span class=\"xr_tl xr_s0\">Tragen Sie Ihre Lieblinge immer bei sich! <\/span><\/h2>\n<div class=\"xr_s0\"><span class=\"xr_tl xr_s0\">Sie stellen uns <\/span> <span class=\"xr_tl xr_s0\">ein Foto und wir k\u00fcmmern uns um alles Weitere. Eine Passende <\/span> <span class=\"xr_tl xr_s0\">Kette k\u00f6nnen wir ihnen auf Wunsch gleich mitliefern<\/span><span class=\"xr_tl xr_s0\">. <\/span><\/div>\n<div class=\"xr_s0\"><span class=\"xr_tl xr_s0\">Wir beraten Sie gern. <\/span><\/div>\n<\/div>\n<div class=\"xr_s0\">Entweder rufen sie an oder Schreiben uns eine Email \u2013 gerne gleich mit dem gew\u00fcnschten Bild.<\/div>\n<div class=\"xr_s0\">Wir liefern ihnen frei Haus!<\/div>\n<\/div>\n<div class=\"xr_s0\">&nbsp;<\/div>\n<\/div>\n<div>\nngg_shortcode_0_placeholder<\/div>\n<\/div>\n<\/div>\n<\/div>\n","protected":false},"excerpt":{"rendered":"<p>Ihr Foto in Gold Ein besonderes Geschenk f\u00fcr jeden Anlass Mit einer Fotogravur sowie einer pers\u00f6nlichen Widmung auf der R\u00fcckseite, werden diese Schmuckst\u00fccke zu einem besonderen Geschenk. Sie erhalten diese Anh\u00e4nger in Edelstahl poliert wei\u00df oder auch in Gold 585\/- . Tragen Sie Ihre Lieblinge immer bei sich! Sie stellen uns ein Foto und wir [&hellip;]<\/p>\n","protected":false},"author":1,"featured_media":425,"parent":0,"menu_order":0,"comment_status":"closed","ping_status":"closed","template":"templates\/template-full-width.php","meta":{"_monsterinsights_skip_tracking":false,"_monsterinsights_sitenote_active":false,"_monsterinsights_sitenote_note":"","_monsterinsights_sitenote_category":0,"ngg_post_thumbnail":0,"jetpack_post_was_ever_published":false,"footnotes":""},"class_list":["post-423","page","type-page","status-publish","has-post-thumbnail","hentry"],"jetpack_sharing_enabled":true,"jetpack_shortlink":"https:\/\/wp.me\/P9pCGP-6P","_links":{"self":[{"href":"https:\/\/juwelierberinger.de\/index.php?rest_route=\/wp\/v2\/pages\/423","targetHints":{"allow":["GET"]}}],"collection":[{"href":"https:\/\/juwelierberinger.de\/index.php?rest_route=\/wp\/v2\/pages"}],"about":[{"href":"https:\/\/juwelierberinger.de\/index.php?rest_route=\/wp\/v2\/types\/page"}],"author":[{"embeddable":true,"href":"https:\/\/juwelierberinger.de\/index.php?rest_route=\/wp\/v2\/users\/1"}],"replies":[{"embeddable":true,"href":"https:\/\/juwelierberinger.de\/index.php?rest_route=%2Fwp%2Fv2%2Fcomments&post=423"}],"version-history":[{"count":5,"href":"https:\/\/juwelierberinger.de\/index.php?rest_route=\/wp\/v2\/pages\/423\/revisions"}],"predecessor-version":[{"id":1296,"href":"https:\/\/juwelierberinger.de\/index.php?rest_route=\/wp\/v2\/pages\/423\/revisions\/1296"}],"wp:featuredmedia":[{"embeddable":true,"href":"https:\/\/juwelierberinger.de\/index.php?rest_route=\/wp\/v2\/media\/425"}],"wp:attachment":[{"href":"https:\/\/juwelierberinger.de\/index.php?rest_route=%2Fwp%2Fv2%2Fmedia&parent=423"}],"curies":[{"name":"wp","href":"https:\/\/api.w.org\/{rel}","templated":true}]}}