{"id":60,"date":"2013-09-24T20:51:35","date_gmt":"2013-09-24T18:51:35","guid":{"rendered":"http:\/\/juwelierberinger.de\/?page_id=60"},"modified":"2022-12-06T00:17:38","modified_gmt":"2022-12-05T22:17:38","slug":"eheringberater","status":"publish","type":"page","link":"https:\/\/juwelierberinger.de\/?page_id=60","title":{"rendered":"Trauringberater"},"content":{"rendered":"<p>Bei uns erhalten sie eine ausf\u00fchrliche und pers\u00f6nliche Beratung in unserer neuen Beratungsecke. Gerne zeigen wir Ihnen eine gro\u00dfe Auswahl an sch\u00f6nen Ringen in bester Qualit\u00e4t zu interessanten Preisen. Durch unseren direkten Anschluss an eine Goldschmiedemeisterwerkstatt k\u00f6nnen sie bei uns auch individuell gefertigte Ringe in Gold oder Platin erhalten.<\/p>\n<h2>Hier gleich Ringe anschauen und Konfigurieren: <span style=\"color: #ff9900;\"><a style=\"color: #ff9900;\" href=\"https:\/\/trauringeschweinfurt.de\/trauringe.php\" target=\"_blank\" rel=\"noopener noreferrer\">Meine Eheringe<\/a><\/span><\/h2>\n<p><span style=\"color: #ff9900;\"><a style=\"color: #ff9900;\" href=\"https:\/\/goldschmiedethein.de\/terminvereinbarung\/\" target=\"_blank\" rel=\"noopener noreferrer\">Vereinbaren sie gleich ihren Termin!<\/a><\/span><\/p>\n<p>Fragen Sie &#8211; Unsere Kompetenz ist Ihr Vorteil!<\/p>\n<p>&nbsp;<\/p>\n\n\n<p><\/p>\n","protected":false},"excerpt":{"rendered":"<p>Bei uns erhalten sie eine ausf\u00fchrliche und pers\u00f6nliche Beratung in unserer neuen Beratungsecke. Gerne zeigen wir Ihnen eine gro\u00dfe Auswahl an sch\u00f6nen Ringen in bester Qualit\u00e4t zu interessanten Preisen. Durch unseren direkten Anschluss an eine Goldschmiedemeisterwerkstatt k\u00f6nnen sie bei uns auch individuell gefertigte Ringe in Gold oder Platin erhalten. Hier gleich Ringe anschauen und Konfigurieren: [&hellip;]<\/p>\n","protected":false},"author":1,"featured_media":0,"parent":226,"menu_order":2,"comment_status":"closed","ping_status":"closed","template":"","meta":{"_monsterinsights_skip_tracking":false,"_monsterinsights_sitenote_active":false,"_monsterinsights_sitenote_note":"","_monsterinsights_sitenote_category":0,"ngg_post_thumbnail":0,"jetpack_post_was_ever_published":false,"footnotes":""},"class_list":["post-60","page","type-page","status-publish","hentry"],"jetpack_sharing_enabled":true,"jetpack_shortlink":"https:\/\/wp.me\/P9pCGP-Y","_links":{"self":[{"href":"https:\/\/juwelierberinger.de\/index.php?rest_route=\/wp\/v2\/pages\/60","targetHints":{"allow":["GET"]}}],"collection":[{"href":"https:\/\/juwelierberinger.de\/index.php?rest_route=\/wp\/v2\/pages"}],"about":[{"href":"https:\/\/juwelierberinger.de\/index.php?rest_route=\/wp\/v2\/types\/page"}],"author":[{"embeddable":true,"href":"https:\/\/juwelierberinger.de\/index.php?rest_route=\/wp\/v2\/users\/1"}],"replies":[{"embeddable":true,"href":"https:\/\/juwelierberinger.de\/index.php?rest_route=%2Fwp%2Fv2%2Fcomments&post=60"}],"version-history":[{"count":15,"href":"https:\/\/juwelierberinger.de\/index.php?rest_route=\/wp\/v2\/pages\/60\/revisions"}],"predecessor-version":[{"id":1292,"href":"https:\/\/juwelierberinger.de\/index.php?rest_route=\/wp\/v2\/pages\/60\/revisions\/1292"}],"up":[{"embeddable":true,"href":"https:\/\/juwelierberinger.de\/index.php?rest_route=\/wp\/v2\/pages\/226"}],"wp:attachment":[{"href":"https:\/\/juwelierberinger.de\/index.php?rest_route=%2Fwp%2Fv2%2Fmedia&parent=60"}],"curies":[{"name":"wp","href":"https:\/\/api.w.org\/{rel}","templated":true}]}}